1133
In base 9, what is -407043 - 4?
-407047
In base 3, what is -110001 + 11121201?
11011200
In base 4, what is -202013 - -3320?
-132033
In base 2, what is 10 - -1010010110010101110?
1010010110010110000
In base 10, what is 3420 + -19?
3401
In base 9, what is -386643 - -1?
-386642
In base 4, what is -31 + 11211?
11120
In base 8, what is 60 - -1176?
1256
In base 3, what is 1021100221 + -221?
1021100000
In base 11, what is 1 - -8a38?
8a39
In base 9, what is -330 + -530?
-860
In base 15, what is -2ba8 - 6?
-2bae
In base 9, what is -5 - 465732?
-465737
In base 2, what is -1 + -1100010100110001?
-1100010100110010
In base 7, what is -12 - -13353?
13341
In base 9, what is 260146 - -4?
260151
In base 5, what is -3210 - 11?
-3221
In base 4, what is -23101 - 203?
-23310
In base 7, what is 433355 - -46?
433434
In base 16, what is -2 + 5210?
520e
In base 14, what is 15b + -768?
-60b
In base 12, what is -24 + 48279?
48255
In base 10, what is -1 + 188011?
188010
In base 2, what is -100 - 10100010101111100?
-10100010110000000
In base 4, what is 2 - 31201?
-31133
In base 12, what is 728 - 143?
5a5
In base 6, what is 434250 + 0?
434250
In base 14, what is 370 + -1b82?
-1812
In base 6, what is 1 - 2240225?
-2240224
In base 4, what is -123221 + 110223?
-12332
In base 5, what is -4443 - 2112?
-12110
In base 9, what is -405 + -752?
-1257
In base 5, what is 3 + -1033143?
-1033140
In base 3, what is -211 - -2212020?
2211102
In base 7, what is 1015616 + 21?
1015640
In base 14, what is 6 + -5dd2?
-5dca
In base 5, what is 12311240 + -30?
12311210
In base 4, what is 3 + 303312313?
303312322
In base 5, what is -321 - 103013?
-103334
In base 12, what is 10a9 - -21?
110a
In base 13, what is 5 - 184646?
-184641
In base 16, what is 4 + 102d1a?
102d1e
In base 12, what is -b8 + 1b3?
b7
In base 8, what is -32 - 111024?
-111056
In base 2, what is -101010 - 111011101110?
-111100011000
In base 15, what is -1970 + -3?
-1973
In base 16, what is c21 + -9?
c18
In base 11, what is -5050 - -61?
-4a9a
In base 9, what is 5 - -1278?
1284
In base 7, what is 463 + -112?
351
In base 5, what is -21134330 - 3?
-21134333
In base 4, what is -111 + 31012320?
31012203
In base 2, what is 1011010011111110010 + -100?
1011010011111101110
In base 16, what is -14 + -279?
-28d
In base 12, what is 3b1 + -2166?
-1975
In base 3, what is 12122 - 10000202?
-2211010
In base 8, what is -3221751 - 4?
-3221755
In base 9, what is 4 - 134183?
-134178
In base 8, what is 153 - 5?
146
In base 9, what is -28 - 56576?
-56615
In base 8, what is 7644 + 27?
7673
In base 10, what is 0 - 3488?
-3488
In base 8, what is -3154 - -366?
-2566
In base 13, what is 2 - -8b66?
8b68
In base 10, what is -4124788 - 1?
-4124789
In base 14, what is -34 + 15c6?
1592
In base 11, what is -259 - -15262?
15004
In base 15, what is 3 - -3dda?
3ddd
In base 6, what is -522534 - -1?
-522533
In base 14, what is -97bc - 11?
-97cd
In base 14, what is 1c - 25a?
-23c
In base 15, what is -181918 + -4?
-18191c
In base 10, what is 52739 + -2?
52737
In base 11, what is 5273 + 2?
5275
In base 7, what is 2 + 111014?
111016
In base 4, what is -10212033 - -230?
-10211203
In base 6, what is -4 - 303434?
-303442
In base 5, what is 2300 - -23300?
31100
In base 3, what is 2120022 - -1002?
2121101
In base 11, what is -12a + -390?
-50a
In base 9, what is 1456 + 66?
1533
In base 3, what is 100202001 - 1100?
100200201
In base 12, what is -5b062 - 3?
-5b065
In base 16, what is -89b0d + -2?
-89b0f
In base 14, what is 6c80a - -2?
6c80c
In base 4, what is -310212 + -11021?
-321233
In base 4, what is -1020220 + 10?
-1020210
In base 3, what is -101111122122 - 1?
-101111122200
In base 2, what is -10000101010101 - 11001?
-10000101101110
In base 13, what is -6 - -a4b6?
a4b0
In base 16, what is -2e + bb6?
b88
In base 5, what is 10240 + 214?
11004
In base 12, what is 758ab1 - 0?
758ab1
In base 7, what is 124210136 + -2?
124210134
In base 5, what is -1430 + -2112?
-4042
In base 8, what is 0 + 12332?
12332
In base 2, what is 101010011010 - 11011?
101001111111
In base 6, what is 13123442 + -5?
13123433
In base 5, what is -421442 + 224?
-421213
In base 7, what is 20116 + -65?
20021
In base 9, what is 453106 + 5?
453112
In base 16, what is -5d563 - -4?
-5d55f
In base 15, what is -2bd85b + 4?
-2bd857
In base 8, what is 2566 - -16?
2604
In base 14, what is 18 + -157a4?
-1578a
In base 14, what is 107857 + -5?
107852
In base 7, what is -216 - 451?
-1000
In base 4, what is 2 + 302132023?
302132031
In base 6, what is -323 - 24?
-351
In base 3, what is -110200221 + 1?
-110200220
In base 5, what is -3202410 - -10?
-3202400
In base 16, what is ba - -167?
221
In base 13, what is -9152c - 4?
-91533
In base 4, what is -203300 + 301322?
32022
In base 12, what is 1 + 1642?
1643
In base 9, what is 386736 - 2?
386734
In base 12, what is -2a8533 + -4?
-2a8537
In base 7, what is 3 + -52301?
-52265
In base 12, what is -5 - 70b87?
-70b90
In base 16, what is 1 - -4e2eb?
4e2ec
In base 10, what is -29090 - -1?
-29089
In base 6, what is -443422 - -3?
-443415
In base 5, what is -2030421 - -30?
-2030341
In base 15, what is -2e + 2e?
0
In base 7, what is 0 + -33516?
-33516
In base 5, what is -201 - -1134433?
1134232
In base 12, what is -75 + -9a56?
-9b0b
In base 9, what is 5356 + -5?
5351
In base 9, what is -24 + -14116?
-14141
In base 6, what is -5 - 21552551?
-21553000
In base 6, what is -2220523 + 4?
-2220515
In base 15, what is -1a + -2c7?
-2e2
In base 15, what is b31 + 80?
bb1
In base 5, what is -14 - -124443?
124424
In base 4, what is 2333132 + -121?
2333011
In base 15, what is -490 + -49?
-4d9
In base 10, what is 5 - 28233?
-28228
In base 4, what is 11 + 123022231?
123022302
In base 12, what is 28 + a11?
a39
In base 11, what is 252596 + 6?
2525a1
In base 2, what is -100001 - 11011010?
-11111011
In base 2, what is -100101000101 + 10001?
-100100110100
In base 14, what is a45c - 2?
a45a
In base 7, what is 15602632 - 0?
15602632
In base 3, what is 21 - 1011210122?
-1011210101
In base 11, what is 1 - -25094?
25095
In base 6, what is 5 - 15425324?
-15425315
In base 12, what is -1 - -449?
448
In base 2, what is 10101100101110 + 110?
10101100110100
In base 6, what is -140145 - -141?
-140004
In base 11, what is -61133 - 33?
-61166
In base 16, what is 3d9 - -5b?
434
In base 14, what is -2 - 30a12?
-30a14
In base 10, what is -256 + -197?
-453
In base 16, what is 16 - -1934?
194a
In base 3, what is 101002221200 - 2?
101002221121
In base 8, what is -103 - 2752?
-3055
In base 3, what is 11021221 + 1112?
11100110
In base 9, what is 3 + 43?
46
In base 10, what is -5 - 215715?
-215720
In base 10, what is -197453 + 5?
-197448
In base 3, what is -2120120 + -10020221?
-12211111
In base 12, what is -1a164 - 2?
-1a166
In base 5, what is 213130 - 12?
213113
In base 8, what is 3 + -1016316?
-1016313
In base 13, what is 1 + b578c?
b5790
In base 9, what is 5484 + 34?
5528
In base 7, what is -4505553 + -2?
-4505555
In base 10, what is -22715 - 1?
-22716
In base 5, what is -13410003 + 3?
-13410000
In base 3, what is 1002120200 + 11?
1002120211
In base 16, what is c - -17ac7?
17ad3
In base 7, what is -1224 + 150?
-1044
In base 8, what is -1003 - 10100?
-11103
In base 16, what is 5 - -c77e8?
c77ed
In base 6, what is 30124 - -1?
30125
In base 4, what is -223012130 + -10?
-223012200
In base 5, what is -400 - 40222?
-41122
In base 5, what is 104114 - 230?
103334
In base 6, what is -250 - 13342?
-14032
In base 2, what is -1000001011 + 11110111111?
10110110100
In base 15, what is -10 + -84966?
-84976
In base 7, what is 2060 - -1423?
3513
In base 2, what is -1111001100010 + -100001?
-1111010000011
In base 12, what is -20a6063 + 5?
-20a605a
In base 10, what is -4201 + -1?
-4202
In base 14, what is -78d93 + 2?
-78d91
In base 6, what is 135315 - -2?
135321
In base 15, what is 91b5 + -1?
91b4
In base 14, what is 4c6 - -533?
a19
In base 9, what is 1722 - 3?
1718
In base 6, what is 2 + -22420134?
-22420132
In base 8, what is 23115 - -43?
23160
In base 4, what is 13 + 33021?
33100
In base 7, what is -366256 - -1?
-366255
In base 4, what is 22133312010 + 11?
22133312021
In base 15, what is -c1 - -d3?
12
In base 10, what is 2 + -2255?
-2253
In base 13, what is -1 + 23a252?
23a251
In base 7, what is 14 + -6214?
-6200
In base 11, what is -678 + 12